divide 95077248?
True
Does 11 divide 118657142?
False
Does 695 divide 6333535?
True
Is 283 a factor of 10118069?
False
Does 3447 divide 100598856?
False
Does 497 divide 32813928?
True
Is 2584 a factor of 2647106448?
True
Is 91 a factor of 151507538?
True
Is 88 a factor of 215905800?
True
Is 43 a factor of 4370983712?
True
Does 26 divide 15619344?
True
Is 1153 a factor of 2777095046?
True
Does 3 divide 18849795?
True
Is 10909626 a multiple of 26?
True
Does 1061 divide 41262468?
False
Is 157 a factor of 9900917?
False
Is 83091180 a multiple of 61?
False
Is 469832228 a multiple of 256?
False
Does 27 divide 395504834?
False
Is 11 a factor of 149622609?
False
Does 83 divide 15437253?
True
Is 198 a factor of 80528778?
True
Is 70 a factor of 51990820?
True
Does 7 divide 3573105389?
True
Is 188622264 a multiple of 4002?
True
Does 21 divide 5258442?
True
Does 164 divide 13593632?
True
Is 32673894 a multiple of 21?
False
Is 25533012 a multiple of 6?
True
Does 14 divide 1079167824?
True
Does 7 divide 294797426?
True
Does 3164 divide 48722436?
True
Does 45 divide 88173645?
False
Is 18776736 a multiple of 6?
True
Is 30076112 a multiple of 491?
False
Does 968 divide 166331151?
False
Is 37637202 a multiple of 13?
False
Is 7268808 a multiple of 89?
True
Is 34674156 a multiple of 282?
True
Is 10 a factor of 939320?
True
Is 369 a factor of 20400903?
True
Is 16 a factor of 47032549?
False
Is 28 a factor of 23176440?
True
Is 35768412 a multiple of 114?
True
Is 5663 a factor of 222635182?
True
Is 353695230 a multiple of 1731?
True
Does 2256 divide 76776582?
False
Is 24 a factor of 14623867?
False
Is 113531670 a multiple of 21?
True
Does 17 divide 169664448?
False
Does 137 divide 1359482921?
True
Does 10 divide 4834765?
False
Is 42990030 a multiple of 18?
True
Does 385 divide 3249805?
False
Does 430 divide 175853660?
True
Is 233716268 a multiple of 1219?
False
Is 567615735 a multiple of 45?
True
Is 456531469 a multiple of 9?
False
Is 43 a factor of 15869264?
False
Does 2368 divide 937807338?
False
Does 621 divide 3027412?
False
Is 405 a factor of 2096373960?
True
Does 317 divide 39583473?
True
Is 3 a factor of 960870?
True
Does 1265 divide 58730671?
False
Is 13226053 a multiple of 2?
False
Does 243 divide 5351200?
False
Is 149 a factor of 30538146?
True
Is 37 a factor of 26386063?
False
Is 102 a factor of 25062318?
True
Does 99 divide 133878195?
True
Is 2499960 a multiple of 664?
True
Is 43 a factor of 23729894?
True
Does 8065 divide 1511960620?
False
Is 5042 a factor of 827266150?
True
Does 4946 divide 264510290?
False
Does 380 divide 1092995520?
True
Is 55 a factor of 7029110?
True
Does 9 divide 204136749?
True
Does 83 divide 589565701?
False
Does 16 divide 249413712?
True
Is 47068266 a multiple of 50?
False
Is 2708522764 a multiple of 58?
False
Is 10622977 a multiple of 17?
True
Is 2112 a factor of 32894400?
True
Is 254013635 a multiple of 28?
False
Is 3793064 a multiple of 5?
False
Does 5877 divide 13640517?
True
Is 43 a factor of 5913618?
True
Does 151 divide 1073276813?
False
Is 704 a factor of 192166656?
True
Is 15 a factor of 36389543?
False
Is 265305554 a multiple of 3?
False
Is 250 a factor of 51479523?
False
Is 838952307 a multiple of 123?
False
Does 99 divide 1757822619?
False
Is 2327 a factor of 757837850?
False
Is 11120532 a multiple of 401?
True
Is 40087427 a multiple of 523?
True
Is 133151235 a multiple of 47?
True
Is 7651530 a multiple of 6?
True
Does 131 divide 227593243?
True
Is 515713860 a multiple of 3189?
False
Is 382 a factor of 118273885?
False
Is 2636 a factor of 678456316?
True
Is 404 a factor of 417214032?
True
Is 136378300 a multiple of 2146?
True
Is 1587 a factor of 62349699?
False
Is 31 a factor of 3990616980?
True
Does 226 divide 788482135?
False
Does 370 divide 24252333?
False
Is 15 a factor of 178213575?
True
Is 2491 a factor of 451319380?
True
Is 57579380 a multiple of 14?
False
Is 66 a factor of 74415119?
False
Is 365 a factor of 73978708?
False
Is 345 a factor of 143410102?
False
Does 2711 divide 156885570?
True
Is 77 a factor of 64502736?
False
Is 42 a factor of 2054823612?
False
Is 537998582 a multiple of 369?
False
Is 82 a factor of 17874335?
False
Is 1211 a factor of 948595676?
True
Is 164 a factor of 318766800?
True
Is 2165 a factor of 437213571?
False
Is 174758035 a multiple of 39?
False
Is 2771792793 a multiple of 1791?
True
Is 3363 a factor of 115041504?
True
Does 1161 divide 479277054?
True
Is 279458456 a multiple of 1077?
False
Does 6 divide 2676630?
True
Is 194371 a multiple of 9?
False
Is 276 a factor of 739289023?
False
Does 631 divide 27552615?
True
Is 552325396 a multiple of 973?
True
Is 31106906 a multiple of 1241?
True
Does 2375 divide 422280369?
False
Is 84794483 a multiple of 1132?
False
Is 79285754 a multiple of 25?
False
Is 2082404247 a multiple of 3973?
True
Does 1676 divide 2200588?
True
Does 102 divide 3696997446?
True
Does 1674 divide 28468837?
False
Does 1646 divide 7954558?
False
Is 158 a factor of 462130265?
False
Does 1606 divide 633921445?
False
Is 11133999 a multiple of 29?
True
Does 580 divide 62323932?
False
Does 1606 divide 20171360?
True
Is 12 a factor of 6197280?
True
Is 34 a factor of 184244857?
False
Is 1799 a factor of 104098414?
False
Is 391 a factor of 4692735862?
True
Is 50303280 a multiple of 24?
True
Is 28 a factor of 381110996?
True
Is 47713400 a multiple of 200?
True
Is 10 a factor of 680528410?
True
Is 24279999 a multiple of 184?
False
Is 256080374 a multiple of 898?
False
Is 1590960096 a multiple of 297?
True
Is 14930442 a multiple of 421?
False
Does 16 divide 2429440?
True
Does 1484 divide 54056184?
True
Does 268 divide 1722122605?
False
Is 511 a factor of 42963858?
True
Is 122 a factor of 9838216?
False
Is 81106816 a multiple of 128?
True
Is 101 a factor of 294603062?
True
Is 569646 a multiple of 54?
True
Is 46463911 a multiple of 4069?
True
Is 1448308891 a multiple of 1265?
False
Is 9777749 a multiple of 266?
False
Is 21693614 a multiple of 4?
False
Is 284168680 a multiple of 667?
True
Is 10 a factor of 1074881290?
True
Is 19 a factor of 709975147?
True
Is 359 a factor of 832844094?
False
Does 8919 divide 2264248370?
False
Is 1905368 a multiple of 4?
True
Is 1002 a factor of 71673060?
True
Is 3146229128 a multiple of 8?
True
Is 2 a factor of 1684967?
False
Is 502374947 a multiple of 12123?
False
Is 467124250 a multiple of 2875?
True
Is 505037329 a multiple of 617?
True
Is 193578574 a multiple of 7?
True
Is 173118085 a multiple of 35?
True
Does 421 divide 165647260?
False
Is 1762270620 a multiple of 484?
True
Is 69565471 a multiple of 488?
False
Is 101 a factor of 92482771?
True
Does 29 divide 1186989082?
True
Is 2962630280 a multiple of 7468?
True
Is 124387304 a multiple of 458?
True
Is 120 a factor of 1082690520?
True
Is 11 a factor of 80712999?
False
Is 114 a factor of 53749025?
False
Is 5265 a factor of 854575237?
False
Is 2200568695 a multiple of 26?
False
Does 273 divide 28896504?
True
Is 3899696130 a multiple of 935?
True
Is 64 a factor of 3417444?
False
Is 159 a factor of 111762365?
False
Is 27694015 a multiple of 157?
True
Is 69 a factor of 131324425?
False
Is 3 a factor of 34398030?
True
Is 21 a factor of 554655570?
True
Is 122 a factor of 674970490?
True
Is 292248040 a multiple of 2687?
False
Does 5 divide 66958953?
False
Is 165226676 a multiple of 664?
False
Is 19845120 a multiple of 24?
True
Is 26604720 a multiple of 1695?
True
Is 492911936 a multiple of 15?
False
Does 210 divide 957949440?
True
Is 2731 a factor of 684328094?
False
Is 5394028 a multiple of 1120?
False
Is 1224665498 a multiple of 166?
True
Does 17 divide 311063029?
False
Is 5 a factor of 10279762?
False
Is 1414 a factor of 32622394?
True
Is 19 a factor of 378196463?
True
Is 5831 a factor of 247481769?
False
Does 4 divide 490707095?
False
Is 283 a factor of 19625484?
True
Does 26 divide 476351420?
False
Does 41 divide 6258995?
False
Is 262 a factor of 14859409?
False
Does 682 divide 32510715?
False
Is 269380 a multiple of 10?
True
Is 51 a factor of 2112168468?
True
Is 15 a factor of 154875925?
False
Does 88 divide 81972968?
True
Is 29 a factor of 520598663?
False
Is 1465 a factor of 15171540?
True
Does 4643 divide 558695494?
False
Is 47 a factor of 72218414?
True
Does 2 divide 33074776?
True
Is 145